{"id":11622,"date":"2024-07-24T09:10:37","date_gmt":"2024-07-24T09:10:37","guid":{"rendered":"https:\/\/ullgo.com\/?post_type=product&#038;p=11622.html"},"modified":"2026-05-14T14:43:52","modified_gmt":"2026-05-14T14:43:52","slug":"camara-de-reversa-para-opel-vauxhall-vivaro-renault-trafic-nissan-primastar","status":"publish","type":"product","link":"https:\/\/www.ullgo.com\/es\/product\/reverse-camera-for-opel-vauxhall-vivaro-renault-trafic-nissan-primastar","title":{"rendered":"C\u00e1mara de reversa para Opel Vauxhall Vivaro Renault Trafic \/ Nissan Primastar"},"content":{"rendered":"<div class=\"detailmodule_html\">\n<div class=\"detail-desc-decorate-richtext\">\n<h1 style=\"font-family: arial; color: #000000; margin: 15px 0px 10px 0px; padding: 0px 0px 0px 0em; padding-bottom: 0px; padding-top: 0px; padding-right: 0px;\"><span style=\"font-size: 20px;\">C\u00e1mara de reversa para <\/span><span style=\"font-size: 20px;\"><span style=\"color: #ff0000;\">para Opel Vauxhall Vivaro Renault Trafic \/ Nissan Primastar Brake <\/span><\/span><span style=\"font-size: 20px;\">C\u00e1mara de luz de freno<\/span><\/h1>\n<div style=\"font-family: arial; color: #000000;\"><span style=\"font-size: 14px; font-family: 'Open Sans', Arial, Helvetica, sans-serif, Heiti;\"><u><span style=\"font-size: 20px;\">Hay un cable peque\u00f1o en la c\u00e1mara que controla la l\u00ednea gu\u00eda; corte el cable peque\u00f1o para mostrar la l\u00ednea de estacionamiento; con\u00e9ctelo nuevamente para no mostrar la l\u00ednea de estacionamiento.<\/span><\/u><\/span><\/div>\n<div style=\"font-family: arial; color: #000000;\"><\/div>\n<div style=\"font-family: arial; color: #000000;\"><span style=\"color: #ff0000;\"><span style=\"font-size: 18px;\">Verifique esta medida antes de comprar; no somos responsables por pedidos incorrectos.<\/span><\/span><\/div>\n<div style=\"font-family: arial; color: #000000;\"><\/div>\n<div style=\"font-family: arial; color: #000000;\"><\/div>\n<h2 style=\"font-family: arial; color: #000000;\">Par\u00e1metros t\u00e9cnicos:<\/h2>\n<div style=\"font-family: arial; color: #000000;\"><span style=\"font-size: 18px;\">Sensores de imagen: CCD HD a color de 1\/3\u2033<\/span><\/div>\n<div style=\"font-family: arial; color: #000000;\"><span style=\"font-size: 18px;\">Sistema de TV:<\/span><span style=\"font-size: 18px;\"><u>NTSC por defecto<\/u><\/span><span style=\"font-size: 18px;\">y PAL bajo solicitud<\/span><\/div>\n<div style=\"font-family: arial; color: #000000;\"><span style=\"font-size: 18px;\">Iluminaci\u00f3n m\u00ednima: &lt;0.5 BLC: Autom\u00e1tico<\/span><\/div>\n<div style=\"font-family: arial; color: #000000;\"><span style=\"font-size: 18px;\">Balance de Blancos: Autom\u00e1tico<\/span><\/div>\n<div style=\"font-family: arial; color: #000000;\"><span style=\"font-size: 18px;\">Color de video: Colorido<\/span><\/div>\n<div style=\"font-family: arial; color: #000000;\"><span style=\"font-size: 18px;\">Clase de impermeabilidad: ip68<\/span><\/div>\n<div style=\"font-family: arial; color: #000000;\"><span style=\"font-size: 18px;\">P\u00edxeles efectivos: 756(H)*582(V)(NTSC)<\/span><\/div>\n<div style=\"font-family: arial; color: #000000;\"><span style=\"font-size: 18px;\">Resoluci\u00f3n: 600 l\u00edneas de TV<\/span><\/div>\n<div style=\"font-family: arial; color: #000000;\"><span style=\"font-size: 18px;\">Salida de video: 1.0Vp-p,75<\/span><\/div>\n<div style=\"font-family: arial; color: #000000;\"><span style=\"font-size: 18px;\">Obturador electr\u00f3nico: 1\/60(NTSC)-1\/10000S<\/span><\/div>\n<div style=\"font-family: arial; color: #000000;\"><span style=\"font-size: 18px;\">Relaci\u00f3n S\/N: Mejor que 48db<\/span><\/div>\n<div style=\"font-family: arial; color: #000000;\"><span style=\"font-size: 18px;\">\u00c1ngulo del lente: 170\u00b0<\/span><\/div>\n<div style=\"font-family: arial; color: #000000;\"><span style=\"font-size: 18px;\">Temperatura de operaci\u00f3n: -20\u00b0C+80\u00b0C RH95%<\/span><\/div>\n<div style=\"font-family: arial; color: #000000;\"><span style=\"font-size: 18px;\">Temperatura de almacenamiento: -40\u00b0C+100\u00b0C RH95%<\/span><\/div>\n<div style=\"font-family: arial; color: #000000;\"><span style=\"font-size: 18px;\">Alimentaci\u00f3n de trabajo (DCV): 12V<\/span><\/div>\n<div style=\"font-family: arial; color: #000000;\"><span style=\"font-size: 18px;\">Consumo de corriente: 90mA M\u00e1x<\/span><\/div>\n<div style=\"font-family: arial; color: #000000;\"><span style=\"font-size: 18px;\">Alimentaci\u00f3n: CC 12V<\/span><\/div>\n<div style=\"font-family: arial; color: #000000;\"><span style=\"font-size: 18px;\">El cable de video es conector AIR de 4 pines<\/span><\/div>\n<\/div>\n<\/div>","protected":false},"excerpt":{"rendered":"<p>Reverse Camera for for Opel Vauxhall Vivaro Renault Trafic \/ Nissan Primastar Brake Brake Light Camera There is small cable in camera which control the Guide Line, Cut the samll cable to make it show parking line; Connect again to not show the parking line. Please check this size before purchase,we do not responsible for [&#8230;]\n","protected":false},"featured_media":15440,"comment_status":"open","ping_status":"closed","template":"","meta":{"_seopress_titles_title":"","_seopress_titles_desc":"","_seopress_robots_index":"","_seopress_robots_follow":"","_seopress_robots_imageindex":"","_seopress_robots_snippet":"","_seopress_robots_primary_cat":"0","_seopress_robots_breadcrumbs":"","_seopress_robots_freeze_modified_date":"","_seopress_robots_custom_modified_date":"","_seopress_robots_canonical":"","_seopress_social_fb_title":"","_seopress_social_fb_desc":"","_seopress_social_fb_img":"","_seopress_social_fb_img_attachment_id":0,"_seopress_social_fb_img_width":0,"_seopress_social_fb_img_height":0,"_seopress_social_twitter_title":"","_seopress_social_twitter_desc":"","_seopress_social_twitter_img":"","_seopress_social_twitter_img_attachment_id":0,"_seopress_social_twitter_img_width":0,"_seopress_social_twitter_img_height":0,"_seopress_redirections_value":"","_seopress_redirections_enabled":"","_seopress_redirections_enabled_regex":"","_seopress_redirections_logged_status":"","_seopress_redirections_param":"","_seopress_redirections_type":0,"_seopress_analysis_target_kw":"Opel Cam","_seopress_news_disabled":"","_seopress_video_disabled":"","_seopress_video":[],"_seopress_pro_schemas_manual":[],"_seopress_pro_rich_snippets_disable_all":"","_seopress_pro_rich_snippets_disable":[],"_seopress_pro_schemas":[]},"product_brand":[],"product_cat":[62],"product_tag":[],"class_list":["post-11622","product","type-product","status-publish","has-post-thumbnail","product_cat-backup-cameras","first","instock","shipping-taxable","purchasable","product-type-simple"],"group_of_quantity":0,"min_quantity":0,"max_quantity":"","exclude_order_quantity_value_rules":"no","exclude_category_quantity_rules":"no","combine_variations":"no","_links":{"self":[{"href":"https:\/\/www.ullgo.com\/es\/wp-json\/wp\/v2\/product\/11622","targetHints":{"allow":["GET"]}}],"collection":[{"href":"https:\/\/www.ullgo.com\/es\/wp-json\/wp\/v2\/product"}],"about":[{"href":"https:\/\/www.ullgo.com\/es\/wp-json\/wp\/v2\/types\/product"}],"replies":[{"embeddable":true,"href":"https:\/\/www.ullgo.com\/es\/wp-json\/wp\/v2\/comments?post=11622"}],"wp:featuredmedia":[{"embeddable":true,"href":"https:\/\/www.ullgo.com\/es\/wp-json\/wp\/v2\/media\/15440"}],"wp:attachment":[{"href":"https:\/\/www.ullgo.com\/es\/wp-json\/wp\/v2\/media?parent=11622"}],"wp:term":[{"taxonomy":"product_brand","embeddable":true,"href":"https:\/\/www.ullgo.com\/es\/wp-json\/wp\/v2\/product_brand?post=11622"},{"taxonomy":"product_cat","embeddable":true,"href":"https:\/\/www.ullgo.com\/es\/wp-json\/wp\/v2\/product_cat?post=11622"},{"taxonomy":"product_tag","embeddable":true,"href":"https:\/\/www.ullgo.com\/es\/wp-json\/wp\/v2\/product_tag?post=11622"}],"curies":[{"name":"wp","href":"https:\/\/api.w.org\/{rel}","templated":true}]}}

Cámara de reversa para Opel Vauxhall Vivaro Renault Trafic / Nissan Primastar

<div class="detailmodule_html">
<div class="detail-desc-decorate-richtext">
<h1 style="font-family: arial; color: #000000; margin: 15px 0px 10px 0px; padding: 0px 0px 0px 0em; padding-bottom: 0px; padding-top: 0px; padding-right: 0px;"><span style="font-size: 20px;">Cámara de reversa para </span><span style="font-size: 20px;"><span style="color: #ff0000;">para Opel Vauxhall Vivaro Renault Trafic / Nissan Primastar Brake </span></span><span style="font-size: 20px;">Cámara de luz de freno</span></h1>
<div style="font-family: arial; color: #000000;"><span style="font-size: 14px; font-family: 'Open Sans', Arial, Helvetica, sans-serif, Heiti;"><u><span style="font-size: 20px;">Hay un cable pequeño en la cámara que controla la línea guía; corte el cable pequeño para mostrar la línea de estacionamiento; conéctelo nuevamente para no mostrar la línea de estacionamiento.</span></u></span></div>
<div style="font-family: arial; color: #000000;"></div>
<div style="font-family: arial; color: #000000;"><span style="color: #ff0000;"><span style="font-size: 18px;">Verifique esta medida antes de comprar; no somos responsables por pedidos incorrectos.</span></span></div>
<div style="font-family: arial; color: #000000;"></div>
<div style="font-family: arial; color: #000000;"></div>
<h2 style="font-family: arial; color: #000000;">Parámetros técnicos:</h2>
<div style="font-family: arial; color: #000000;"><span style="font-size: 18px;">Sensores de imagen: CCD HD a color de 1/3″</span></div>
<div style="font-family: arial; color: #000000;"><span style="font-size: 18px;">Sistema de TV:</span><span style="font-size: 18px;"><u>NTSC por defecto</u></span><span style="font-size: 18px;">y PAL bajo solicitud</span></div>
<div style="font-family: arial; color: #000000;"><span style="font-size: 18px;">Iluminación mínima: &lt;0.5 BLC: Automático</span></div>
<div style="font-family: arial; color: #000000;"><span style="font-size: 18px;">Balance de Blancos: Automático</span></div>
<div style="font-family: arial; color: #000000;"><span style="font-size: 18px;">Color de video: Colorido</span></div>
<div style="font-family: arial; color: #000000;"><span style="font-size: 18px;">Clase de impermeabilidad: ip68</span></div>
<div style="font-family: arial; color: #000000;"><span style="font-size: 18px;">Píxeles efectivos: 756(H)*582(V)(NTSC)</span></div>
<div style="font-family: arial; color: #000000;"><span style="font-size: 18px;">Resolución: 600 líneas de TV</span></div>
<div style="font-family: arial; color: #000000;"><span style="font-size: 18px;">Salida de video: 1.0Vp-p,75</span></div>
<div style="font-family: arial; color: #000000;"><span style="font-size: 18px;">Obturador electrónico: 1/60(NTSC)-1/10000S</span></div>
<div style="font-family: arial; color: #000000;"><span style="font-size: 18px;">Relación S/N: Mejor que 48db</span></div>
<div style="font-family: arial; color: #000000;"><span style="font-size: 18px;">Ángulo del lente: 170°</span></div>
<div style="font-family: arial; color: #000000;"><span style="font-size: 18px;">Temperatura de operación: -20°C+80°C RH95%</span></div>
<div style="font-family: arial; color: #000000;"><span style="font-size: 18px;">Temperatura de almacenamiento: -40°C+100°C RH95%</span></div>
<div style="font-family: arial; color: #000000;"><span style="font-size: 18px;">Alimentación de trabajo (DCV): 12V</span></div>
<div style="font-family: arial; color: #000000;"><span style="font-size: 18px;">Consumo de corriente: 90mA Máx</span></div>
<div style="font-family: arial; color: #000000;"><span style="font-size: 18px;">Alimentación: CC 12V</span></div>
<div style="font-family: arial; color: #000000;"><span style="font-size: 18px;">El cable de video es conector AIR de 4 pines</span></div>
</div>
</div>
